41.
3, 7
What are the prime factors of 71600?
2, 5, 179
List the prime factors of 54525.
3, 5, 727
What are the prime factors of 52136?
2, 7, 19
List the prime factors of 127738.
2, 13, 17
List the prime factors of 31028.
2, 7757
List the prime factors of 18911.
18911
List the prime factors of 141157.
141157
What are the prime factors of 6480?
2, 3, 5
What are the prime factors of 662?
2, 331
What are the prime factors of 35591?
35591
What are the prime factors of 33193?
19, 1747
List the prime factors of 18089.
18089
What are the prime factors of 437?
19, 23
List the prime factors of 3908.
2, 977
What are the prime factors of 73149?
3, 37, 659
List the prime factors of 4807.
11, 19, 23
What are the prime factors of 3597?
3, 11, 109
List the prime factors of 6373.
6373
List the prime factors of 10666.
2, 5333
What are the prime factors of 299?
13, 23
What are the prime factors of 9622?
2, 17, 283
What are the prime factors of 689?
13, 53
What are the prime factors of 26766?
2, 3, 1487
What are the prime factors of 12587?
41, 307
List the prime factors of 42826.
2, 7, 19, 23
What are the prime factors of 19007?
83, 229
What are the prime factors of 31249?
31249
What are the prime factors of 514?
2, 257
List the prime factors of 2099.
2099
What are the prime factors of 6766?
2, 17, 199
List the prime factors of 5329.
73
What are the prime factors of 123047?
29, 4243
List the prime factors of 4099.
4099
What are the prime factors of 18188?
2, 4547
List the prime factors of 191487.
3, 29, 31, 71
List the prime factors of 445.
5, 89
What are the prime factors of 14970?
2, 3, 5, 499
What are the prime factors of 40568?
2, 11, 461
What are the prime factors of 9450?
2, 3, 5, 7
What are the prime factors of 950?
2, 5, 19
List the prime factors of 146.
2, 73
List the prime factors of 23098.
2, 11549
What are the prime factors of 2053?
2053
List the prime factors of 21941.
37, 593
List the prime factors of 5474.
2, 7, 17, 23
What are the prime factors of 1107?
3, 41
What are the prime factors of 223?
223
List the prime factors of 20362.
2, 10181
What are the prime factors of 148293?
3, 16477
List the prime factors of 254.
2, 127
List the prime factors of 4172.
2, 7, 149
What are the prime factors of 56136?
2, 3, 2339
What are the prime factors of 3804?
2, 3, 317
List the prime factors of 10761.
3, 17, 211
List the prime factors of 2112.
2, 3, 11
List the prime factors of 2667.
3, 7, 127
What are the prime factors of 38199?
3, 7, 17, 107
List the prime factors of 1996.
2, 499
What are the prime factors of 6471?
3, 719
What are the prime factors of 75957?
3, 7, 3617
What are the prime factors of 554?
2, 277
What are the prime factors of 3246?
2, 3, 541
What are the prime factors of 15121?
15121
List the prime factors of 45141.
3, 41, 367
What are the prime factors of 1693?
1693
What are the prime factors of 499?
499
List the prime factors of 2200.
2, 5, 11
What are the prime factors of 104?
2, 13
What are the prime factors of 2595?
3, 5, 173
List the prime factors of 1180.
2, 5, 59
What are the prime factors of 19584?
2, 3, 17
What are the prime factors of 14728?
2, 7, 263
List the prime factors of 77099.
11, 43, 163
What are the prime factors of 20505?
3, 5, 1367
What are the prime factors of 25899?
3, 89, 97
What are the prime factors of 3465?
3, 5, 7, 11
What are the prime factors of 4913?
17
List the prime factors of 2956.
2, 739
What are the prime factors of 22099?
7, 11, 41
List the prime factors of 1100.
2, 5, 11
What are the prime factors of 3083?
3083
What are the prime factors of 119?
7, 17
What are the prime factors of 1671?
3, 557
What are the prime factors of 3923?
3923
List the prime factors of 97016.
2, 67, 181
What are the prime factors of 40534?
2, 13, 1559
List the prime factors of 97462.
2, 48731
What are the prime factors of 21029?
17, 1237
List the prime factors of 587.
587
What are the prime factors of 23842?
2, 7, 13, 131
List the prime factors of 1652.
2, 7, 59
What are the prime factors of 32060?
2, 5, 7, 229
List the prime factors of 122274.
2, 3, 6793
What are the prime factors of 1217?
1217
What are the prime factors of 512?
2
What are the prime factors of 68972?
2, 43, 401
List the prime factors of 666.
2, 3, 37
What are the prime factors of 2044?
2, 7, 73
What are the prime factors of 72309?
3, 24103
What are the prime factors of 1579?
1579
List the prime factors of 5336.
2, 23, 29
What are the prime factors of 2211?
3, 11, 67
List the prime factors of 1095.
3, 5, 73
List the prime factors of 31098.
2, 3, 71, 73
What are the prime factors of 5718?
2, 3, 953
List the prime factors of 40707.
3, 4523
What are the prime factors of 395?
5, 79
What are the prime factors of 10468?
2, 2617
What are the prime factors of 5170?
2, 5, 11, 47
List the prime factors of 416.
2, 13
What are the prime factors of 9413?
9413
List the prime factors of 3196.
2, 17, 47
What are the prime factors of 194689?
11, 1609
What are the prime factors of 1104?
2, 3, 23
What are the prime factors of 4007?
4007
What are the prime factors of 8049?
3, 2683
What are the prime factors of 1198?
2, 599
List the prime factors of 9480.
2, 3, 5, 79
List the prime factors of 858.
2, 3, 11, 13
What are the prime factors of 2456?
2, 307
What are the prime factors of 1069?
1069
What are the prime factors of 7052?
2, 41, 43
What are the prime factors of 39986?
2, 19993
What are the prime factors of 45449?
47, 967
List the prime factors of 4062.
2, 3, 677
What are the prime factors of 1911?
3, 7, 13
What are the prime factors of 16661?
16661
What are the prime factors of 8543?
8543
What are the prime factors of 817?
19, 43
What are the prime factors of 20411?
20411
List the prime factors of 4234.
2, 29, 73
What are the prime factors of 36802?
2, 18401
What are the prime factors of 1161?
3, 43
List the prime factors of 1229.
1229
What are the prime factors of 69521?
19, 3659
List the prime factors of 10535.
5, 7, 43
What are the prime factors of 3475?
5, 139
List the prime factors of 9816.
2, 3, 409
List the prime factors of 9858.
2, 3, 31, 53
What are the prime factors of 8501?
8501
List the prime factors of 105989.
13, 31, 263
List the prime factors of 277.
277
List the prime factors of 1871.
1871
List the prime factors of 476.
2, 7, 17
What are the prime factors of 2444?
2, 13, 47
What are the prime factors of 114662?
2, 57331
What are the prime factors of 21066?
2, 3, 3511
List the prime factors of 76994.
2, 137, 281
What are the prime factors of 95653?
41, 2333
List the prime factors of 23051.
7, 37, 89
List the prime factors of 16426.
2, 43, 191
What are the prime factors of 630?
2, 3, 5, 7
List the prime factors of 1257.
3, 419
List the prime factors of 51723.
3, 7, 821
What are the prime factors of 2839?
17, 167
List the prime factors of 3494.
2, 1747
List the prime factors of 12409.
12409
What are the prime factors of 4755?
3, 5, 317
List the prime factors of 33668.
2, 19, 443
What are the prime factors of 95640?
2, 3, 5, 797
What are the prime factors of 11625?
3, 5, 31
List the prime factors of 4437.
3, 17, 29
What are the prime factors of 65369?
131, 499
List the prime factors of 16376.
2, 23, 89
What are the prime factors of 177565?
5, 17, 2089
List the prime factors of 12939.
3, 19, 227
What are the prime factors of 879?
3, 293
List the prime factors of 8888.
2, 11, 101
List the prime factors of 18204.
2, 3, 37, 41
List the prime factors of 2015.
5, 13, 31
What are the prime factors of 135204?
2, 3, 19, 593
List the prime factors of 14934.
2, 3, 19, 131
What are the prime factors of 970?
2, 5, 97
List the prime factors of 94337.
29, 3253
What are the prime factors of 390?
2, 3, 5, 13
List the prime factors of 4064.
2, 127
List the prime factors of 780.
2, 3, 5, 13
List the prime factors of 17602.
2, 13, 677
List the prime factors of 11649.
3, 11, 353
List the prime factors of 26121.
3, 8707
List the prime factors of 178.
2, 89
List the prime factors of 1817.
23, 79
List the prime factors of 635.
5, 127
List the prime factors of 1446.
2, 3, 241
List the prime factors of 52866.
2, 3, 11, 89
What are the prime factors of 22417?
29, 773
What are the prime factors of 5977?
43, 139
List the prime factors of 9543.
3, 3181
List the prime factors of 2543.
2543
List